Last updated on 2024-04-25 18:49:46 CEST.
Flavor | Version | Tinstall | Tcheck | Ttotal | Status | Flags |
---|---|---|---|---|---|---|
r-devel-linux-x86_64-debian-clang | 0.1.1 | 11.68 | 119.51 | 131.19 | NOTE | |
r-devel-linux-x86_64-debian-gcc | 0.1.1 | 11.33 | 90.06 | 101.39 | NOTE | |
r-devel-linux-x86_64-fedora-clang | 0.1.1 | 169.19 | NOTE | |||
r-devel-linux-x86_64-fedora-gcc | 0.1.1 | 158.01 | NOTE | |||
r-devel-windows-x86_64 | 0.1.1 | 12.00 | 96.00 | 108.00 | NOTE | |
r-patched-linux-x86_64 | 0.1.1 | 8.63 | 116.51 | 125.14 | NOTE | |
r-release-linux-x86_64 | 0.1.1 | 9.00 | 118.00 | 127.00 | NOTE | |
r-release-macos-arm64 | 0.1.1 | 49.00 | NOTE | |||
r-release-windows-x86_64 | 0.1.1 | 12.00 | 93.00 | 105.00 | NOTE | |
r-oldrel-macos-arm64 | 0.1.1 | 51.00 | NOTE | |||
r-oldrel-macos-x86_64 | 0.1.1 | 84.00 | NOTE | |||
r-oldrel-windows-x86_64 | 0.1.1 | 18.00 | 121.00 | 139.00 | NOTE |
Version: 0.1.1
Check: LazyData
Result: NOTE
'LazyData' is specified without a 'data' directory
Flavors: r-devel-linux-x86_64-debian-clang, r-devel-linux-x86_64-debian-gcc, r-devel-linux-x86_64-fedora-clang, r-devel-linux-x86_64-fedora-gcc, r-devel-windows-x86_64, r-patched-linux-x86_64, r-release-linux-x86_64, r-release-macos-arm64, r-release-windows-x86_64, r-oldrel-macos-arm64, r-oldrel-macos-x86_64, r-oldrel-windows-x86_64