CRAN Package Check Results for Package WaveletGARCH

Last updated on 2025-01-19 05:49:25 CET.

Flavor Version Tinstall Tcheck Ttotal Status Flags
r-devel-linux-x86_64-debian-clang 0.1.1 11.09 97.08 108.17 OK
r-devel-linux-x86_64-debian-gcc 0.1.1 8.35 69.50 77.85 OK
r-devel-linux-x86_64-fedora-clang 0.1.1 176.68 OK
r-devel-linux-x86_64-fedora-gcc 0.1.1 170.96 OK
r-devel-windows-x86_64 0.1.1 12.00 97.00 109.00 OK
r-patched-linux-x86_64 0.1.1 10.28 88.01 98.29 NOTE
r-release-linux-x86_64 0.1.1 11.29 87.44 98.73 NOTE
r-release-macos-arm64 0.1.1 49.00 NOTE
r-release-macos-x86_64 0.1.1 65.00 NOTE
r-release-windows-x86_64 0.1.1 13.00 99.00 112.00 NOTE
r-oldrel-macos-arm64 0.1.1 51.00 NOTE
r-oldrel-macos-x86_64 0.1.1 84.00 NOTE
r-oldrel-windows-x86_64 0.1.1 17.00 116.00 133.00 NOTE

Check Details

Version: 0.1.1
Check: LazyData
Result: NOTE 'LazyData' is specified without a 'data' directory Flavors: r-patched-linux-x86_64, r-release-linux-x86_64, r-release-macos-arm64, r-release-macos-x86_64, r-release-windows-x86_64, r-oldrel-macos-arm64, r-oldrel-macos-x86_64, r-oldrel-windows-x86_64