Last updated on 2025-01-19 05:49:25 CET.
Flavor | Version | Tinstall | Tcheck | Ttotal | Status | Flags |
---|---|---|---|---|---|---|
r-devel-linux-x86_64-debian-clang | 1.0 | 2.46 | 26.28 | 28.74 | NOTE | |
r-devel-linux-x86_64-debian-gcc | 1.0 | 1.90 | 20.11 | 22.01 | NOTE | |
r-devel-linux-x86_64-fedora-clang | 1.0 | 47.65 | NOTE | |||
r-devel-linux-x86_64-fedora-gcc | 1.0 | 48.62 | NOTE | |||
r-devel-windows-x86_64 | 1.0 | 4.00 | 47.00 | 51.00 | OK | |
r-patched-linux-x86_64 | 1.0 | 2.33 | 24.72 | 27.05 | NOTE | |
r-release-linux-x86_64 | 1.0 | 2.37 | 24.04 | 26.41 | NOTE | |
r-release-macos-arm64 | 1.0 | 17.00 | OK | |||
r-release-macos-x86_64 | 1.0 | 26.00 | OK | |||
r-release-windows-x86_64 | 1.0 | 5.00 | 47.00 | 52.00 | OK | |
r-oldrel-macos-arm64 | 1.0 | 18.00 | OK | |||
r-oldrel-macos-x86_64 | 1.0 | 26.00 | OK | |||
r-oldrel-windows-x86_64 | 1.0 | 5.00 | 49.00 | 54.00 | OK |
Version: 1.0
Check: for non-standard things in the check directory
Result: NOTE
Found the following files/directories:
‘ReconstructedData.txt’ ‘ReconstructedDataStDev.txt’
‘ResampledReconstructions.txt’
‘ResampledReconstructionsStandardVariation.txt’
Flavors: r-devel-linux-x86_64-debian-clang, r-devel-linux-x86_64-debian-gcc, r-devel-linux-x86_64-fedora-clang, r-devel-linux-x86_64-fedora-gcc, r-patched-linux-x86_64, r-release-linux-x86_64