Last updated on 2025-01-19 05:49:25 CET.
Flavor | Version | Tinstall | Tcheck | Ttotal | Status | Flags |
---|---|---|---|---|---|---|
r-devel-linux-x86_64-debian-clang | 2020.1.31 | 1.51 | 27.57 | 29.08 | NOTE | |
r-devel-linux-x86_64-debian-gcc | 2020.1.31 | 1.38 | 21.99 | 23.37 | NOTE | |
r-devel-linux-x86_64-fedora-clang | 2020.1.31 | 50.55 | NOTE | |||
r-devel-linux-x86_64-fedora-gcc | 2020.1.31 | 60.63 | NOTE | |||
r-devel-windows-x86_64 | 2020.1.31 | 2.00 | 60.00 | 62.00 | NOTE | |
r-patched-linux-x86_64 | 2020.1.31 | 1.43 | 26.94 | 28.37 | NOTE | |
r-release-linux-x86_64 | 2020.1.31 | 1.56 | 26.61 | 28.17 | NOTE | |
r-release-macos-arm64 | 2020.1.31 | 23.00 | NOTE | |||
r-release-macos-x86_64 | 2020.1.31 | 41.00 | NOTE | |||
r-release-windows-x86_64 | 2020.1.31 | 3.00 | 58.00 | 61.00 | NOTE | |
r-oldrel-macos-arm64 | 2020.1.31 | 26.00 | OK | |||
r-oldrel-macos-x86_64 | 2020.1.31 | 38.00 | OK | |||
r-oldrel-windows-x86_64 | 2020.1.31 | 3.00 | 62.00 | 65.00 | OK |
Version: 2020.1.31
Check: Rd files
Result: NOTE
checkRd: (-1) WeightedROC.Rd:10: Lost braces; missing escapes or markup?
10 | integer/numeric with values all in {0=negative,1=positive} or
| ^
checkRd: (-1) WeightedROC.Rd:11: Lost braces; missing escapes or markup?
11 | {1=negative,2=positive} or {-1=negative,1=positive}.}
| ^
checkRd: (-1) WeightedROC.Rd:11: Lost braces; missing escapes or markup?
11 | {1=negative,2=positive} or {-1=negative,1=positive}.}
| ^
Flavors: r-devel-linux-x86_64-debian-clang, r-devel-linux-x86_64-debian-gcc, r-devel-linux-x86_64-fedora-clang, r-devel-linux-x86_64-fedora-gcc, r-devel-windows-x86_64, r-patched-linux-x86_64, r-release-linux-x86_64, r-release-macos-arm64, r-release-macos-x86_64, r-release-windows-x86_64