CRAN Package Check Results for Package WoodSimulatR

Last updated on 2025-01-19 05:49:25 CET.

Flavor Version Tinstall Tcheck Ttotal Status Flags
r-devel-linux-x86_64-debian-clang 0.6.1 4.60 57.43 62.03 NOTE
r-devel-linux-x86_64-debian-gcc 0.6.1 3.38 42.70 46.08 NOTE
r-devel-linux-x86_64-fedora-clang 0.6.1 104.36 OK
r-devel-linux-x86_64-fedora-gcc 0.6.1 115.40 OK
r-devel-windows-x86_64 0.6.1 6.00 84.00 90.00 NOTE
r-patched-linux-x86_64 0.6.1 11.17 53.11 64.28 OK
r-release-linux-x86_64 0.6.1 4.17 52.83 57.00 OK
r-release-macos-arm64 0.6.1 35.00 OK
r-release-macos-x86_64 0.6.1 54.00 OK
r-release-windows-x86_64 0.6.1 6.00 75.00 81.00 OK
r-oldrel-macos-arm64 0.6.1 42.00 OK
r-oldrel-macos-x86_64 0.6.1 79.00 OK
r-oldrel-windows-x86_64 0.6.1 6.00 92.00 98.00 OK

Check Details

Version: 0.6.1
Check: Rd cross-references
Result: NOTE Found the following Rd file(s) with Rd \link{} targets missing package anchors: get_transform_names.Rd: is_primitive simbase_covar.Rd: group_by, tibble simbase_list.Rd: group_by, tibble simulate_conditionally.simbase_list.Rd: nest, unnest Please provide package anchors for all Rd \link{} targets not in the package itself and the base packages. Flavors: r-devel-linux-x86_64-debian-clang, r-devel-linux-x86_64-debian-gcc, r-devel-windows-x86_64