CRAN Package Check Results for Package Wrapped

Last updated on 2020-10-01 12:49:18 CEST.

Flavor Version Tinstall Tcheck Ttotal Status Flags
r-devel-linux-x86_64-debian-clang 2.0 16.64 141.10 157.74 OK
r-devel-linux-x86_64-debian-gcc 2.0 12.80 108.09 120.89 OK
r-devel-linux-x86_64-fedora-clang 2.0 205.78 NOTE
r-devel-linux-x86_64-fedora-gcc 2.0 188.60 OK
r-devel-windows-ix86+x86_64 2.0 34.00 268.00 302.00 OK
r-patched-linux-x86_64 2.0 16.10 133.37 149.47 OK
r-patched-solaris-x86 2.0 266.40 OK
r-release-linux-x86_64 2.0 15.84 134.70 150.54 OK
r-release-macos-x86_64 2.0 OK
r-release-windows-ix86+x86_64 2.0 34.00 259.00 293.00 OK
r-oldrel-macos-x86_64 2.0 OK
r-oldrel-windows-ix86+x86_64 2.0 30.00 313.00 343.00 OK

Check Details

Version: 2.0
Check: package dependencies
Result: NOTE
    Imports includes 22 non-default packages.
    Importing from so many packages makes the package vulnerable to any of
    them becoming unavailable. Move as many as possible to Suggests and
    use conditionally.
Flavor: r-devel-linux-x86_64-fedora-clang