CRAN Package Check Results for Package XKCDdata

Last updated on 2025-01-19 05:49:25 CET.

Flavor Version Tinstall Tcheck Ttotal Status Flags
r-devel-linux-x86_64-debian-clang 0.1.0 3.86 32.62 36.48 OK
r-devel-linux-x86_64-debian-gcc 0.1.0 2.63 24.05 26.68 OK
r-devel-linux-x86_64-fedora-clang 0.1.0 61.29 NOTE
r-devel-linux-x86_64-fedora-gcc 0.1.0 59.99 NOTE
r-devel-windows-x86_64 0.1.0 6.00 51.00 57.00 OK
r-patched-linux-x86_64 0.1.0 3.48 31.08 34.56 NOTE
r-release-linux-x86_64 0.1.0 3.78 30.69 34.47 NOTE
r-release-macos-arm64 0.1.0 23.00 NOTE
r-release-macos-x86_64 0.1.0 32.00 NOTE
r-release-windows-x86_64 0.1.0 5.00 51.00 56.00 NOTE
r-oldrel-macos-arm64 0.1.0 22.00 NOTE
r-oldrel-macos-x86_64 0.1.0 32.00 NOTE
r-oldrel-windows-x86_64 0.1.0 6.00 59.00 65.00 NOTE

Check Details

Version: 0.1.0
Check: dependencies in R code
Result: NOTE Namespace in Imports field not imported from: ‘tibble’ All declared Imports should be used. Flavors: r-devel-linux-x86_64-fedora-clang, r-devel-linux-x86_64-fedora-gcc

Version: 0.1.0
Check: LazyData
Result: NOTE 'LazyData' is specified without a 'data' directory Flavors: r-patched-linux-x86_64, r-release-linux-x86_64, r-release-macos-arm64, r-release-macos-x86_64, r-release-windows-x86_64, r-oldrel-macos-arm64, r-oldrel-macos-x86_64, r-oldrel-windows-x86_64