Last updated on 2025-01-19 05:49:25 CET.
Flavor | Version | Tinstall | Tcheck | Ttotal | Status | Flags |
---|---|---|---|---|---|---|
r-devel-linux-x86_64-debian-clang | 1.0.1 | 231.00 | 170.98 | 401.98 | OK | |
r-devel-linux-x86_64-debian-gcc | 1.0.1 | 240.70 | 136.32 | 377.02 | OK | |
r-devel-linux-x86_64-fedora-clang | 1.0.1 | 653.59 | NOTE | |||
r-devel-linux-x86_64-fedora-gcc | 1.0.1 | 877.40 | NOTE | |||
r-devel-windows-x86_64 | 1.0.1 | 218.00 | 191.00 | 409.00 | OK | |
r-patched-linux-x86_64 | 1.0.1 | 255.90 | 184.06 | 439.96 | NOTE | |
r-release-linux-x86_64 | 1.0.1 | 286.21 | 184.07 | 470.28 | NOTE | |
r-release-macos-arm64 | 1.0.1 | 161.00 | NOTE | |||
r-release-macos-x86_64 | 1.0.1 | 224.00 | NOTE | |||
r-release-windows-x86_64 | 1.0.1 | 218.00 | 197.00 | 415.00 | NOTE | |
r-oldrel-macos-arm64 | 1.0.1 | 166.00 | NOTE | |||
r-oldrel-macos-x86_64 | 1.0.1 | 262.00 | NOTE | |||
r-oldrel-windows-x86_64 | 1.0.1 | 300.00 | 246.00 | 546.00 | NOTE |
Version: 1.0.1
Check: dependencies in R code
Result: NOTE
Namespace in Imports field not imported from: ‘rstantools’
All declared Imports should be used.
Flavors: r-devel-linux-x86_64-fedora-clang, r-devel-linux-x86_64-fedora-gcc
Version: 1.0.1
Check: for GNU extensions in Makefiles
Result: NOTE
GNU make is a SystemRequirements.
Flavors: r-patched-linux-x86_64, r-release-linux-x86_64, r-release-macos-arm64, r-release-macos-x86_64, r-release-windows-x86_64, r-oldrel-macos-arm64, r-oldrel-macos-x86_64, r-oldrel-windows-x86_64
Version: 1.0.1
Check: installed package size
Result: NOTE
installed size is 53.8Mb
sub-directories of 1Mb or more:
libs 53.4Mb
Flavors: r-release-macos-arm64, r-release-macos-x86_64, r-oldrel-macos-arm64, r-oldrel-macos-x86_64