Last updated on 2025-01-19 05:49:25 CET.
Flavor | Version | Tinstall | Tcheck | Ttotal | Status | Flags |
---|---|---|---|---|---|---|
r-devel-linux-x86_64-debian-clang | 4.0.4 | 1.67 | 15.44 | 17.11 | OK | |
r-devel-linux-x86_64-debian-gcc | 4.0.4 | 1.45 | 12.67 | 14.12 | OK | |
r-devel-linux-x86_64-fedora-clang | 4.0.4 | 29.10 | NOTE | |||
r-devel-linux-x86_64-fedora-gcc | 4.0.4 | 28.88 | NOTE | |||
r-devel-windows-x86_64 | 4.0.4 | 3.00 | 37.00 | 40.00 | OK | |
r-patched-linux-x86_64 | 4.0.4 | 1.61 | 14.83 | 16.44 | OK | |
r-release-linux-x86_64 | 4.0.4 | 1.32 | 15.04 | 16.36 | OK | |
r-release-macos-arm64 | 4.0.4 | 15.00 | OK | |||
r-release-macos-x86_64 | 4.0.4 | 20.00 | OK | |||
r-release-windows-x86_64 | 4.0.4 | 3.00 | 39.00 | 42.00 | OK | |
r-oldrel-macos-arm64 | 4.0.4 | 15.00 | OK | |||
r-oldrel-macos-x86_64 | 4.0.4 | 17.00 | OK | |||
r-oldrel-windows-x86_64 | 4.0.4 | 3.00 | 37.00 | 40.00 | OK |
Version: 4.0.4
Check: dependencies in R code
Result: NOTE
Namespace in Imports field not imported from: ‘lubridate’
All declared Imports should be used.
Flavors: r-devel-linux-x86_64-fedora-clang, r-devel-linux-x86_64-fedora-gcc