Last updated on 2025-01-19 05:49:25 CET.
Flavor | Version | Tinstall | Tcheck | Ttotal | Status | Flags |
---|---|---|---|---|---|---|
r-devel-linux-x86_64-debian-clang | 1.0.1 | 13.69 | 164.11 | 177.80 | OK | |
r-devel-linux-x86_64-debian-gcc | 1.0.1 | 9.39 | 123.67 | 133.06 | OK | |
r-devel-linux-x86_64-fedora-clang | 1.0.1 | 286.64 | NOTE | |||
r-devel-linux-x86_64-fedora-gcc | 1.0.1 | 342.09 | NOTE | |||
r-devel-windows-x86_64 | 1.0.1 | 14.00 | 169.00 | 183.00 | OK | |
r-patched-linux-x86_64 | 1.0.1 | 12.51 | 164.52 | 177.03 | OK | |
r-release-linux-x86_64 | 1.0.1 | 12.83 | 166.83 | 179.66 | OK | |
r-release-macos-arm64 | 1.0.1 | 100.00 | OK | |||
r-release-macos-x86_64 | 1.0.1 | 175.00 | OK | |||
r-release-windows-x86_64 | 1.0.1 | 14.00 | 188.00 | 202.00 | OK | |
r-oldrel-macos-arm64 | 1.0.1 | 101.00 | OK | |||
r-oldrel-macos-x86_64 | 1.0.1 | 176.00 | OK | |||
r-oldrel-windows-x86_64 | 1.0.1 | 18.00 | 218.00 | 236.00 | OK |
Version: 1.0.1
Check: dependencies in R code
Result: NOTE
Namespace in Imports field not imported from: ‘dplyr’
All declared Imports should be used.
Flavors: r-devel-linux-x86_64-fedora-clang, r-devel-linux-x86_64-fedora-gcc