Last updated on 2025-01-19 05:49:03 CET.
Flavor | Version | Tinstall | Tcheck | Ttotal | Status | Flags |
---|---|---|---|---|---|---|
r-devel-linux-x86_64-debian-clang | 1.0.0 | 166.45 | 108.79 | 275.24 | OK | |
r-devel-linux-x86_64-debian-gcc | 1.0.0 | 114.29 | 69.41 | 183.70 | OK | |
r-devel-linux-x86_64-fedora-clang | 1.0.0 | 547.49 | OK | |||
r-devel-linux-x86_64-fedora-gcc | 1.0.0 | 559.60 | OK | |||
r-devel-windows-x86_64 | 1.0.0 | 172.00 | 149.00 | 321.00 | OK | |
r-patched-linux-x86_64 | 1.0.0 | 158.88 | 97.97 | 256.85 | OK | |
r-release-linux-x86_64 | 1.0.0 | 156.82 | 97.20 | 254.02 | OK | |
r-release-macos-arm64 | 1.0.0 | 122.00 | NOTE | |||
r-release-macos-x86_64 | 1.0.0 | 143.00 | NOTE | |||
r-release-windows-x86_64 | 1.0.0 | 176.00 | 152.00 | 328.00 | OK | |
r-oldrel-macos-arm64 | 1.0.0 | 118.00 | NOTE | |||
r-oldrel-macos-x86_64 | 1.0.0 | 137.00 | NOTE | |||
r-oldrel-windows-x86_64 | 1.0.0 | 188.00 | 186.00 | 374.00 | OK |
Version: 1.0.0
Check: installed package size
Result: NOTE
installed size is 7.1Mb
sub-directories of 1Mb or more:
libs 6.0Mb
Flavors: r-release-macos-arm64, r-release-macos-x86_64, r-oldrel-macos-arm64, r-oldrel-macos-x86_64