Last updated on 2024-05-01 16:52:46 CEST.
Flavor | Version | Tinstall | Tcheck | Ttotal | Status | Flags |
---|---|---|---|---|---|---|
r-devel-linux-x86_64-debian-clang | 0.4.0 | 546.87 | 43.61 | 590.48 | NOTE | |
r-devel-linux-x86_64-debian-gcc | 0.4.0 | 473.08 | 32.42 | 505.50 | NOTE | |
r-devel-linux-x86_64-fedora-clang | 0.4.0 | 865.59 | NOTE | |||
r-devel-linux-x86_64-fedora-gcc | 0.4.0 | 991.31 | NOTE | |||
r-devel-windows-x86_64 | 0.4.0 | 418.00 | 84.00 | 502.00 | NOTE | |
r-patched-linux-x86_64 | 0.4.0 | 587.37 | 40.94 | 628.31 | NOTE | |
r-release-linux-x86_64 | 0.4.0 | 567.27 | 40.58 | 607.85 | NOTE | |
r-release-macos-arm64 | 0.4.0 | 185.00 | NOTE | |||
r-release-windows-x86_64 | 0.4.0 | 437.00 | 83.00 | 520.00 | NOTE | |
r-oldrel-macos-arm64 | 0.4.0 | 226.00 | NOTE | |||
r-oldrel-macos-x86_64 | 0.4.0 | 408.00 | NOTE | |||
r-oldrel-windows-x86_64 | 0.4.0 | 525.00 | 101.00 | 626.00 | NOTE |
Version: 0.4.0
Check: C++ specification
Result: NOTE
Specified C++11: please drop specification unless essential
Flavors: r-devel-linux-x86_64-debian-clang, r-devel-linux-x86_64-debian-gcc, r-devel-linux-x86_64-fedora-clang, r-devel-linux-x86_64-fedora-gcc, r-devel-windows-x86_64, r-patched-linux-x86_64, r-release-linux-x86_64, r-release-macos-arm64, r-release-windows-x86_64, r-oldrel-macos-arm64, r-oldrel-macos-x86_64, r-oldrel-windows-x86_64
Version: 0.4.0
Check: Rd files
Result: NOTE
checkRd: (-1) abclass.Rd:133: Lost braces; missing escapes or markup?
133 | \code{abclass.control()} returns an object of class {abclass.control}
| ^
checkRd: (-1) supclass.Rd:109: Lost braces; missing escapes or markup?
109 | to solve the equivalent linear programming problem via the package {Rglpk}.
| ^
checkRd: (-1) supclass.Rd:110: Lost braces; missing escapes or markup?
110 | It is recommended to use a recent version of {GLPK}.
| ^
Flavors: r-devel-linux-x86_64-debian-clang, r-devel-linux-x86_64-debian-gcc, r-devel-linux-x86_64-fedora-clang, r-devel-linux-x86_64-fedora-gcc, r-devel-windows-x86_64, r-patched-linux-x86_64, r-release-linux-x86_64, r-release-macos-arm64, r-release-windows-x86_64
Version: 0.4.0
Check: installed package size
Result: NOTE
installed size is 29.7Mb
sub-directories of 1Mb or more:
libs 29.2Mb
Flavors: r-release-macos-arm64, r-oldrel-macos-arm64, r-oldrel-macos-x86_64