CRAN Package Check Results for Package abcrf

Last updated on 2020-06-03 12:49:00 CEST.

Flavor Version Tinstall Tcheck Ttotal Status Flags
r-devel-linux-x86_64-debian-clang 1.8.1 78.87 80.88 159.75 OK
r-devel-linux-x86_64-debian-gcc 1.8.1 61.77 62.41 124.18 OK
r-devel-linux-x86_64-fedora-clang 1.8.1 219.66 NOTE
r-devel-linux-x86_64-fedora-gcc 1.8.1 198.10 OK
r-devel-windows-ix86+x86_64 1.8.1 212.00 150.00 362.00 NOTE
r-patched-linux-x86_64 1.8.1 63.55 80.72 144.27 OK
r-patched-solaris-x86 1.8.1 228.50 OK
r-release-linux-x86_64 1.8.1 63.39 80.91 144.30 OK
r-release-osx-x86_64 1.8.1 NOTE
r-release-windows-ix86+x86_64 1.8.1 165.00 151.00 316.00 NOTE
r-oldrel-osx-x86_64 1.8.1 NOTE
r-oldrel-windows-ix86+x86_64 1.8.1 150.00 136.00 286.00 OK

Check Details

Version: 1.8.1
Check: installed package size
Result: NOTE
     installed size is 5.7Mb
     sub-directories of 1Mb or more:
     data 2.6Mb
     libs 2.9Mb
Flavors: r-devel-linux-x86_64-fedora-clang, r-devel-windows-ix86+x86_64, r-release-osx-x86_64, r-release-windows-ix86+x86_64, r-oldrel-osx-x86_64