Last updated on 2025-02-08 20:48:17 CET.
Flavor | Version | Tinstall | Tcheck | Ttotal | Status | Flags |
---|---|---|---|---|---|---|
r-devel-linux-x86_64-debian-clang | 1.9 | 50.33 | 81.20 | 131.53 | NOTE | |
r-devel-linux-x86_64-debian-gcc | 1.9 | 38.94 | 57.77 | 96.71 | NOTE | |
r-devel-linux-x86_64-fedora-clang | 1.9 | 242.18 | OK | |||
r-devel-linux-x86_64-fedora-gcc | 1.9 | 248.68 | OK | |||
r-devel-windows-x86_64 | 1.9 | 55.00 | 109.00 | 164.00 | NOTE | |
r-patched-linux-x86_64 | 1.9 | 59.94 | 74.44 | 134.38 | OK | |
r-release-linux-x86_64 | 1.9 | 54.96 | 74.41 | 129.37 | OK | |
r-release-macos-arm64 | 1.9 | 77.00 | NOTE | |||
r-release-macos-x86_64 | 1.9 | 94.00 | NOTE | |||
r-release-windows-x86_64 | 1.9 | 57.00 | 107.00 | 164.00 | OK | |
r-oldrel-macos-arm64 | 1.9 | 71.00 | NOTE | |||
r-oldrel-macos-x86_64 | 1.9 | 114.00 | NOTE | |||
r-oldrel-windows-x86_64 | 1.9 | 64.00 | 136.00 | 200.00 | OK |
Version: 1.9
Check: Rd cross-references
Result: NOTE
Found the following Rd file(s) with Rd \link{} targets missing package
anchors:
abcrf.Rd: ranger
covRegAbcrf.Rd: ranger
densityPlot.Rd: ranger
err.regAbcrf.Rd: ranger
plot.regAbcrf.Rd: ranger
predict.abcrf.Rd: ranger
predict.regAbcrf.Rd: predict.ranger, ranger
predictOOB.Rd: predict.ranger, ranger
regAbcrf.Rd: ranger
variableImpPlot.Rd: ranger
Please provide package anchors for all Rd \link{} targets not in the
package itself and the base packages.
Flavors: r-devel-linux-x86_64-debian-clang, r-devel-linux-x86_64-debian-gcc, r-devel-windows-x86_64
Version: 1.9
Check: installed package size
Result: NOTE
installed size is 5.3Mb
sub-directories of 1Mb or more:
data 2.6Mb
libs 2.4Mb
Flavors: r-release-macos-arm64, r-release-macos-x86_64, r-oldrel-macos-arm64, r-oldrel-macos-x86_64