Last updated on 2025-02-08 20:48:17 CET.
Flavor | Version | Tinstall | Tcheck | Ttotal | Status | Flags |
---|---|---|---|---|---|---|
r-devel-linux-x86_64-debian-clang | 0.4.9 | 206.72 | 87.05 | 293.77 | NOTE | |
r-devel-linux-x86_64-debian-gcc | 0.4.9 | 175.30 | 75.00 | 250.30 | NOTE | |
r-devel-linux-x86_64-fedora-clang | 0.4.9 | 455.03 | NOTE | |||
r-devel-linux-x86_64-fedora-gcc | 0.4.9 | 645.77 | NOTE | |||
r-devel-windows-x86_64 | 0.4.9 | 183.00 | 126.00 | 309.00 | OK | |
r-patched-linux-x86_64 | 0.4.9 | 238.29 | 95.94 | 334.23 | OK | |
r-release-linux-x86_64 | 0.4.9 | 228.19 | 95.83 | 324.02 | OK | |
r-release-macos-arm64 | 0.4.9 | 133.00 | NOTE | |||
r-release-macos-x86_64 | 0.4.9 | 249.00 | NOTE | |||
r-release-windows-x86_64 | 0.4.9 | 184.00 | 134.00 | 318.00 | OK | |
r-oldrel-macos-arm64 | 0.4.9 | 153.00 | NOTE | |||
r-oldrel-macos-x86_64 | 0.4.9 | 502.00 | NOTE | |||
r-oldrel-windows-x86_64 | 0.4.9 | 251.00 | 157.00 | 408.00 | ERROR |
Version: 0.4.9
Check: top-level files
Result: NOTE
possible bashism in configure.ac line 72 (unsafe echo with backslash):
echo ' To use all CPU cores for training jobs, you should install OpenMP by running\n'
Flavors: r-devel-linux-x86_64-debian-clang, r-devel-linux-x86_64-debian-gcc, r-devel-linux-x86_64-fedora-clang, r-devel-linux-x86_64-fedora-gcc
Version: 0.4.9
Check: installed package size
Result: NOTE
installed size is 105.5Mb
sub-directories of 1Mb or more:
libs 104.5Mb
Flavors: r-release-macos-arm64, r-release-macos-x86_64, r-oldrel-macos-arm64, r-oldrel-macos-x86_64
Version: 0.4.9
Check: re-building of vignette outputs
Result: ERROR
Error(s) in re-building vignettes:
--- re-building 'v01-abess-guide.Rmd' using rmarkdown
trying URL 'https://github.com/abess-team/abess/raw/master/R-package/data-raw/crime.rda'
Quitting from lines 171-179 [unnamed-chunk-18] (v01-abess-guide.Rmd)
Error: processing vignette 'v01-abess-guide.Rmd' failed with diagnostics:
cannot open URL 'https://github.com/abess-team/abess/raw/master/R-package/data-raw/crime.rda'
--- failed re-building 'v01-abess-guide.Rmd'
SUMMARY: processing the following file failed:
'v01-abess-guide.Rmd'
Error: Vignette re-building failed.
Execution halted
Flavor: r-oldrel-windows-x86_64