CRAN Package Check Results for Package abmR

Last updated on 2025-01-19 05:49:03 CET.

Flavor Version Tinstall Tcheck Ttotal Status Flags
r-devel-linux-x86_64-debian-clang 1.0.10 36.00 316.45 352.45 NOTE
r-devel-linux-x86_64-debian-gcc 1.0.10 25.06 206.08 231.14 NOTE
r-devel-linux-x86_64-fedora-clang 1.0.10 611.98 NOTE
r-devel-linux-x86_64-fedora-gcc 1.0.10 567.66 NOTE
r-devel-windows-x86_64 1.0.10 34.00 244.00 278.00 NOTE
r-patched-linux-x86_64 1.0.10 31.71 292.25 323.96 NOTE
r-release-linux-x86_64 1.0.10 34.05 291.82 325.87 NOTE
r-release-macos-arm64 1.0.10 139.00 NOTE
r-release-macos-x86_64 1.0.10 207.00 NOTE
r-release-windows-x86_64 1.0.10 32.00 251.00 283.00 NOTE
r-oldrel-macos-arm64 1.0.10 103.00 OK
r-oldrel-macos-x86_64 1.0.10 207.00 OK
r-oldrel-windows-x86_64 1.0.10 46.00 335.00 381.00 OK

Check Details

Version: 1.0.10
Check: Rd files
Result: NOTE checkRd: (-1) get_ex_data.Rd:31-32: Lost braces in \itemize; meant \describe ? checkRd: (-1) get_ex_data.Rd:33: Lost braces in \itemize; meant \describe ? checkRd: (-1) get_ex_data.Rd:34-35: Lost braces in \itemize; meant \describe ? checkRd: (-1) get_ex_data.Rd:36: Lost braces in \itemize; meant \describe ? checkRd: (-1) tidy_results.Rd:28-29: Lost braces in \itemize; meant \describe ? checkRd: (-1) tidy_results.Rd:30: Lost braces in \itemize; meant \describe ? Flavors: r-devel-linux-x86_64-debian-clang, r-devel-linux-x86_64-debian-gcc, r-devel-linux-x86_64-fedora-clang, r-devel-linux-x86_64-fedora-gcc, r-devel-windows-x86_64, r-patched-linux-x86_64, r-release-linux-x86_64, r-release-macos-arm64, r-release-macos-x86_64, r-release-windows-x86_64