CRAN Package Check Results for Package abstr

Last updated on 2025-01-19 05:49:03 CET.

Flavor Version Tinstall Tcheck Ttotal Status Flags
r-devel-linux-x86_64-debian-clang 0.4.1 2.63 55.79 58.42 OK
r-devel-linux-x86_64-debian-gcc 0.4.1 1.71 41.91 43.62 OK
r-devel-linux-x86_64-fedora-clang 0.4.1 103.08 NOTE
r-devel-linux-x86_64-fedora-gcc 0.4.1 113.34 NOTE
r-devel-windows-x86_64 0.4.1 6.00 79.00 85.00 OK
r-patched-linux-x86_64 0.4.1 2.87 52.68 55.55 NOTE
r-release-linux-x86_64 0.4.1 2.56 52.40 54.96 NOTE
r-release-macos-arm64 0.4.1 54.00 OK
r-release-macos-x86_64 0.4.1 78.00 OK
r-release-windows-x86_64 0.4.1 4.00 78.00 82.00 OK
r-oldrel-macos-arm64 0.4.1 51.00 OK
r-oldrel-macos-x86_64 0.4.1 59.00 OK
r-oldrel-windows-x86_64 0.4.1 6.00 88.00 94.00 OK

Check Details

Version: 0.4.1
Check: dependencies in R code
Result: NOTE Namespace in Imports field not imported from: ‘tibble’ All declared Imports should be used. Flavors: r-devel-linux-x86_64-fedora-clang, r-devel-linux-x86_64-fedora-gcc

Version: 0.4.1
Check: package dependencies
Result: NOTE Package suggested but not available for checking: ‘pct’ Flavors: r-patched-linux-x86_64, r-release-linux-x86_64