CRAN Package Check Results for Package academictwitteR

Last updated on 2025-01-19 05:49:03 CET.

Flavor Version Tinstall Tcheck Ttotal Status Flags
r-devel-linux-x86_64-debian-clang 0.3.1 4.94 72.60 77.54 NOTE
r-devel-linux-x86_64-debian-gcc 0.3.1 3.36 52.87 56.23 NOTE
r-devel-linux-x86_64-fedora-clang 0.3.1 126.56 NOTE
r-devel-linux-x86_64-fedora-gcc 0.3.1 143.42 NOTE
r-devel-windows-x86_64 0.3.1 9.00 101.00 110.00 NOTE
r-patched-linux-x86_64 0.3.1 5.78 68.28 74.06 NOTE
r-release-linux-x86_64 0.3.1 4.62 67.48 72.10 NOTE
r-release-macos-arm64 0.3.1 49.00 NOTE
r-release-macos-x86_64 0.3.1 81.00 NOTE
r-release-windows-x86_64 0.3.1 7.00 99.00 106.00 NOTE
r-oldrel-macos-arm64 0.3.1 53.00 OK
r-oldrel-macos-x86_64 0.3.1 77.00 OK
r-oldrel-windows-x86_64 0.3.1 8.00 115.00 123.00 OK

Check Details

Version: 0.3.1
Check: Rd files
Result: NOTE checkRd: (-1) bind_tweets.Rd:21: Lost braces in \itemize; meant \describe ? checkRd: (-1) bind_tweets.Rd:22: Lost braces in \itemize; meant \describe ? Flavors: r-devel-linux-x86_64-debian-clang, r-devel-linux-x86_64-debian-gcc, r-devel-linux-x86_64-fedora-clang, r-devel-linux-x86_64-fedora-gcc, r-devel-windows-x86_64, r-patched-linux-x86_64, r-release-linux-x86_64, r-release-macos-arm64, r-release-macos-x86_64, r-release-windows-x86_64