CRAN Package Check Results for Package acc

Last updated on 2025-01-19 05:49:03 CET.

Flavor Version Tinstall Tcheck Ttotal Status Flags
r-devel-linux-x86_64-debian-clang 1.3.3 41.36 69.80 111.16 OK
r-devel-linux-x86_64-debian-gcc 1.3.3 27.38 50.41 77.79 OK
r-devel-linux-x86_64-fedora-clang 1.3.3 201.72 NOTE
r-devel-linux-x86_64-fedora-gcc 1.3.3 205.45 NOTE
r-devel-windows-x86_64 1.3.3 47.00 101.00 148.00 OK
r-patched-linux-x86_64 1.3.3 39.96 65.17 105.13 OK
r-release-linux-x86_64 1.3.3 41.02 63.64 104.66 OK
r-release-macos-arm64 1.3.3 51.00 OK
r-release-macos-x86_64 1.3.3 72.00 OK
r-release-windows-x86_64 1.3.3 46.00 101.00 147.00 OK
r-oldrel-macos-arm64 1.3.3 59.00 OK
r-oldrel-macos-x86_64 1.3.3 92.00 OK
r-oldrel-windows-x86_64 1.3.3 52.00 123.00 175.00 OK

Check Details

Version: 1.3.3
Check: compiled code
Result: NOTE File ‘acc/libs/acc.so’: Found no calls to: ‘R_registerRoutines’, ‘R_useDynamicSymbols’ It is good practice to register native routines and to disable symbol search. See ‘Writing portable packages’ in the ‘Writing R Extensions’ manual. Flavors: r-devel-linux-x86_64-fedora-clang, r-devel-linux-x86_64-fedora-gcc