CRAN Package Check Results for Package acs

Last updated on 2025-01-19 05:49:03 CET.

Flavor Version Tinstall Tcheck Ttotal Status Flags
r-devel-linux-x86_64-debian-clang 2.1.4 10.56 50.18 60.74 NOTE
r-devel-linux-x86_64-debian-gcc 2.1.4 6.54 36.53 43.07 NOTE
r-devel-linux-x86_64-fedora-clang 2.1.4 96.74 NOTE
r-devel-linux-x86_64-fedora-gcc 2.1.4 99.47 NOTE
r-devel-windows-x86_64 2.1.4 11.00 71.00 82.00 OK
r-patched-linux-x86_64 2.1.4 8.69 47.70 56.39 NOTE
r-release-linux-x86_64 2.1.4 7.84 46.90 54.74 NOTE
r-release-macos-arm64 2.1.4 29.00 OK
r-release-macos-x86_64 2.1.4 56.00 OK
r-release-windows-x86_64 2.1.4 10.00 73.00 83.00 OK
r-oldrel-macos-arm64 2.1.4 33.00 OK
r-oldrel-macos-x86_64 2.1.4 50.00 OK
r-oldrel-windows-x86_64 2.1.4 13.00 81.00 94.00 OK

Check Details

Version: 2.1.4
Check: top-level files
Result: NOTE ‘configure’: /bin/bash is not portable ‘cleanup’: /bin/bash is not portable Flavors: r-devel-linux-x86_64-debian-clang, r-devel-linux-x86_64-debian-gcc, r-devel-linux-x86_64-fedora-clang, r-devel-linux-x86_64-fedora-gcc

Version: 2.1.4
Check: top-level files
Result: NOTE ‘configure’: /bin/bash is not portable Flavors: r-patched-linux-x86_64, r-release-linux-x86_64