CRAN Package Check Results for Package actel

Last updated on 2025-01-19 05:49:03 CET.

Flavor Version Tinstall Tcheck Ttotal Status Flags
r-devel-linux-x86_64-debian-clang 1.3.0 21.23 149.25 170.48 OK
r-devel-linux-x86_64-debian-gcc 1.3.0 9.99 95.12 105.11 OK
r-devel-linux-x86_64-fedora-clang 1.3.0 272.85 NOTE
r-devel-linux-x86_64-fedora-gcc 1.3.0 277.84 NOTE
r-devel-windows-x86_64 1.3.0 24.00 172.00 196.00 OK
r-patched-linux-x86_64 1.3.0 22.09 137.02 159.11 OK
r-release-linux-x86_64 1.3.0 17.96 138.94 156.90 OK
r-release-macos-arm64 1.3.0 75.00 OK
r-release-macos-x86_64 1.3.0 144.00 OK
r-release-windows-x86_64 1.3.0 22.00 170.00 192.00 OK
r-oldrel-macos-arm64 1.3.0 90.00 OK
r-oldrel-macos-x86_64 1.3.0 157.00 OK
r-oldrel-windows-x86_64 1.3.0 30.00 206.00 236.00 OK

Check Details

Version: 1.3.0
Check: dependencies in R code
Result: NOTE Namespace in Imports field not imported from: ‘svglite’ All declared Imports should be used. Flavors: r-devel-linux-x86_64-fedora-clang, r-devel-linux-x86_64-fedora-gcc