CRAN Package Check Results for Package activegp

Last updated on 2025-01-19 05:49:03 CET.

Flavor Version Tinstall Tcheck Ttotal Status Flags
r-devel-linux-x86_64-debian-clang 1.1.1 37.05 32.95 70.00 OK
r-devel-linux-x86_64-debian-gcc 1.1.1 26.52 24.85 51.37 OK
r-devel-linux-x86_64-fedora-clang 1.1.1 129.94 NOTE
r-devel-linux-x86_64-fedora-gcc 1.1.1 139.85 NOTE
r-devel-windows-x86_64 1.1.1 41.00 73.00 114.00 OK
r-patched-linux-x86_64 1.1.1 36.80 31.55 68.35 OK
r-release-linux-x86_64 1.1.1 35.09 31.81 66.90 OK
r-release-macos-arm64 1.1.1 36.00 OK
r-release-macos-x86_64 1.1.1 51.00 OK
r-release-windows-x86_64 1.1.1 40.00 75.00 115.00 OK
r-oldrel-macos-arm64 1.1.1 41.00 OK
r-oldrel-macos-x86_64 1.1.1 67.00 OK
r-oldrel-windows-x86_64 1.1.1 47.00 88.00 135.00 OK

Check Details

Version: 1.1.1
Check: dependencies in R code
Result: NOTE Namespaces in Imports field not imported from: ‘MASS’ ‘RcppProgress’ All declared Imports should be used. Flavors: r-devel-linux-x86_64-fedora-clang, r-devel-linux-x86_64-fedora-gcc