Last updated on 2024-04-21 12:53:47 CEST.
Flavor | Version | Tinstall | Tcheck | Ttotal | Status | Flags |
---|---|---|---|---|---|---|
r-devel-linux-x86_64-debian-clang | 0.2.3 | 5.34 | 126.08 | 131.42 | NOTE | |
r-devel-linux-x86_64-debian-gcc | 0.2.3 | 3.91 | 89.20 | 93.11 | NOTE | |
r-devel-linux-x86_64-fedora-clang | 0.2.3 | 156.86 | NOTE | |||
r-devel-linux-x86_64-fedora-gcc | 0.2.3 | 155.13 | NOTE | |||
r-prerel-macos-arm64 | 0.2.3 | 55.00 | NOTE | |||
r-prerel-windows-x86_64 | 0.2.3 | 7.00 | 120.00 | 127.00 | NOTE | |
r-patched-linux-x86_64 | 0.2.3 | 4.79 | 121.04 | 125.83 | NOTE | |
r-release-linux-x86_64 | 0.2.3 | 3.30 | 121.28 | 124.58 | NOTE | |
r-release-macos-arm64 | 0.2.3 | 54.00 | NOTE | |||
r-release-macos-x86_64 | 0.2.3 | 88.00 | NOTE | |||
r-release-windows-x86_64 | 0.2.3 | 7.00 | 127.00 | 134.00 | NOTE | |
r-oldrel-macos-arm64 | 0.2.3 | 48.00 | NOTE | |||
r-oldrel-windows-x86_64 | 0.2.3 | 8.00 | 131.00 | 139.00 | NOTE |
Version: 0.2.3
Check: LazyData
Result: NOTE
'LazyData' is specified without a 'data' directory
Flavors: r-devel-linux-x86_64-debian-clang, r-devel-linux-x86_64-debian-gcc, r-devel-linux-x86_64-fedora-clang, r-devel-linux-x86_64-fedora-gcc, r-prerel-macos-arm64, r-prerel-windows-x86_64, r-patched-linux-x86_64, r-release-linux-x86_64, r-release-macos-arm64, r-release-macos-x86_64, r-release-windows-x86_64, r-oldrel-macos-arm64, r-oldrel-windows-x86_64