CRAN Package Check Results for Package actuaryr

Last updated on 2025-01-19 05:49:03 CET.

Flavor Version Tinstall Tcheck Ttotal Status Flags
r-devel-linux-x86_64-debian-clang 1.1.1 2.51 28.97 31.48 OK
r-devel-linux-x86_64-debian-gcc 1.1.1 1.76 21.89 23.65 OK
r-devel-linux-x86_64-fedora-clang 1.1.1 51.96 OK
r-devel-linux-x86_64-fedora-gcc 1.1.1 67.50 OK
r-devel-windows-x86_64 1.1.1 4.00 53.00 57.00 OK
r-patched-linux-x86_64 1.1.1 2.85 27.14 29.99 NOTE
r-release-linux-x86_64 1.1.1 2.50 27.48 29.98 NOTE
r-release-macos-arm64 1.1.1 26.00 NOTE
r-release-macos-x86_64 1.1.1 44.00 NOTE
r-release-windows-x86_64 1.1.1 4.00 53.00 57.00 NOTE
r-oldrel-macos-arm64 1.1.1 26.00 NOTE
r-oldrel-macos-x86_64 1.1.1 36.00 NOTE
r-oldrel-windows-x86_64 1.1.1 4.00 56.00 60.00 NOTE

Check Details

Version: 1.1.1
Check: LazyData
Result: NOTE 'LazyData' is specified without a 'data' directory Flavors: r-patched-linux-x86_64, r-release-linux-x86_64, r-release-macos-arm64, r-release-macos-x86_64, r-release-windows-x86_64, r-oldrel-macos-arm64, r-oldrel-macos-x86_64, r-oldrel-windows-x86_64