Last updated on 2025-01-19 05:49:03 CET.
Flavor | Version | Tinstall | Tcheck | Ttotal | Status | Flags |
---|---|---|---|---|---|---|
r-devel-linux-x86_64-debian-clang | 5.0 | 16.62 | 127.17 | 143.79 | NOTE | |
r-devel-linux-x86_64-debian-gcc | 5.0 | 11.89 | 87.18 | 99.07 | NOTE | |
r-devel-linux-x86_64-fedora-clang | 5.0 | 221.39 | OK | |||
r-devel-linux-x86_64-fedora-gcc | 5.0 | 227.04 | OK | |||
r-devel-windows-x86_64 | 5.0 | 16.00 | 127.00 | 143.00 | NOTE | |
r-patched-linux-x86_64 | 5.0 | 13.85 | 114.52 | 128.37 | OK | |
r-release-linux-x86_64 | 5.0 | 16.23 | 115.78 | 132.01 | OK | |
r-release-macos-arm64 | 5.0 | 60.00 | OK | |||
r-release-macos-x86_64 | 5.0 | 83.00 | OK | |||
r-release-windows-x86_64 | 5.0 | 16.00 | 130.00 | 146.00 | OK | |
r-oldrel-macos-arm64 | 5.0 | 59.00 | OK | |||
r-oldrel-macos-x86_64 | 5.0 | 130.00 | OK | |||
r-oldrel-windows-x86_64 | 5.0 | 20.00 | 159.00 | 179.00 | OK |
Version: 5.0
Check: Rd cross-references
Result: NOTE
Found the following Rd file(s) with Rd \link{} targets missing package
anchors:
autoprune.rd: rpart
Please provide package anchors for all Rd \link{} targets not in the
package itself and the base packages.
Flavors: r-devel-linux-x86_64-debian-clang, r-devel-linux-x86_64-debian-gcc, r-devel-windows-x86_64