Last updated on 2025-01-19 05:49:03 CET.
Flavor | Version | Tinstall | Tcheck | Ttotal | Status | Flags |
---|---|---|---|---|---|---|
r-devel-linux-x86_64-debian-clang | 1.0-21 | 33.24 | 310.79 | 344.03 | OK | |
r-devel-linux-x86_64-debian-gcc | 1.0-21 | 21.13 | 207.25 | 228.38 | OK | |
r-devel-linux-x86_64-fedora-clang | 1.0-21 | 547.89 | OK | |||
r-devel-linux-x86_64-fedora-gcc | 1.0-21 | 522.09 | OK | |||
r-devel-windows-x86_64 | 1.0-21 | 30.00 | 292.00 | 322.00 | OK | |
r-patched-linux-x86_64 | 1.0-21 | 32.81 | 294.73 | 327.54 | OK | |
r-release-linux-x86_64 | 1.0-21 | 26.80 | 289.58 | 316.38 | OK | |
r-release-macos-arm64 | 1.0-21 | 135.00 | NOTE | |||
r-release-macos-x86_64 | 1.0-21 | 268.00 | NOTE | |||
r-release-windows-x86_64 | 1.0-21 | 31.00 | 302.00 | 333.00 | OK | |
r-oldrel-macos-arm64 | 1.0-21 | 140.00 | NOTE | |||
r-oldrel-macos-x86_64 | 1.0-21 | 312.00 | NOTE | |||
r-oldrel-windows-x86_64 | 1.0-21 | 37.00 | 373.00 | 410.00 | OK |
Version: 1.0-21
Check: installed package size
Result: NOTE
installed size is 5.3Mb
sub-directories of 1Mb or more:
R 2.0Mb
doc 2.7Mb
Flavors: r-release-macos-arm64, r-release-macos-x86_64, r-oldrel-macos-arm64, r-oldrel-macos-x86_64