CRAN Package Check Results for Package adepro

Last updated on 2020-10-01 12:48:55 CEST.

Flavor Version Tinstall Tcheck Ttotal Status Flags
r-devel-linux-x86_64-debian-clang 3.0.0 10.26 87.10 97.36 OK
r-devel-linux-x86_64-debian-gcc 3.0.0 7.93 64.70 72.63 OK
r-devel-linux-x86_64-fedora-clang 3.0.0 129.33 NOTE
r-devel-linux-x86_64-fedora-gcc 3.0.0 112.31 NOTE
r-devel-windows-ix86+x86_64 3.0.0 24.00 119.00 143.00 OK
r-patched-linux-x86_64 3.0.0 8.85 81.69 90.54 OK
r-patched-solaris-x86 3.0.0 143.30 NOTE
r-release-linux-x86_64 3.0.0 8.06 80.41 88.47 OK
r-release-macos-x86_64 3.0.0 NOTE
r-release-windows-ix86+x86_64 3.0.0 24.00 123.00 147.00 OK
r-oldrel-macos-x86_64 3.0.0 NOTE
r-oldrel-windows-ix86+x86_64 3.0.0 22.00 127.00 149.00 OK

Check Details

Version: 3.0.0
Check: dependencies in R code
Result: NOTE
    Namespace in Imports field not imported from: ‘jsonlite’
     All declared Imports should be used.
Flavors: r-devel-linux-x86_64-fedora-clang, r-devel-linux-x86_64-fedora-gcc, r-patched-solaris-x86, r-release-macos-x86_64, r-oldrel-macos-x86_64