Last updated on 2025-01-19 05:49:03 CET.
Flavor | Version | Tinstall | Tcheck | Ttotal | Status | Flags |
---|---|---|---|---|---|---|
r-devel-linux-x86_64-debian-clang | 0.6.10 | 31.38 | 171.68 | 203.06 | OK | |
r-devel-linux-x86_64-debian-gcc | 0.6.10 | 23.75 | 123.43 | 147.18 | OK | |
r-devel-linux-x86_64-fedora-clang | 0.6.10 | 359.70 | OK | |||
r-devel-linux-x86_64-fedora-gcc | 0.6.10 | 360.76 | OK | |||
r-devel-windows-x86_64 | 0.6.10 | 39.00 | 180.00 | 219.00 | OK | |
r-patched-linux-x86_64 | 0.6.10 | 31.85 | 156.10 | 187.95 | OK | |
r-release-linux-x86_64 | 0.6.10 | 31.49 | 156.46 | 187.95 | OK | |
r-release-macos-arm64 | 0.6.10 | 98.00 | OK | |||
r-release-macos-x86_64 | 0.6.10 | 200.00 | OK | |||
r-release-windows-x86_64 | 0.6.10 | 35.00 | 183.00 | 218.00 | OK | |
r-oldrel-macos-arm64 | 0.6.10 | 81.00 | NOTE | |||
r-oldrel-macos-x86_64 | 0.6.10 | 146.00 | NOTE | |||
r-oldrel-windows-x86_64 | 0.6.10 | 45.00 | 231.00 | 276.00 | OK |
Version: 0.6.10
Check: package dependencies
Result: NOTE
Packages suggested but not available for checking: 'HiTC', 'snpStats'
Flavor: r-oldrel-macos-arm64
Version: 0.6.10
Check: Rd cross-references
Result: NOTE
Package unavailable to check Rd xrefs: ‘snpStats’
Flavor: r-oldrel-macos-arm64
Version: 0.6.10
Check: package dependencies
Result: NOTE
Package suggested but not available for checking: ‘HiTC’
Flavor: r-oldrel-macos-x86_64