CRAN Package Check Results for Package adklakedata

Last updated on 2025-01-19 05:49:03 CET.

Flavor Version Tinstall Tcheck Ttotal Status Flags
r-devel-linux-x86_64-debian-clang 0.6.1 1.72 20.99 22.71 OK
r-devel-linux-x86_64-debian-gcc 0.6.1 1.45 17.43 18.88 OK
r-devel-linux-x86_64-fedora-clang 0.6.1 37.22 OK
r-devel-linux-x86_64-fedora-gcc 0.6.1 37.28 OK
r-devel-windows-x86_64 0.6.1 4.00 44.00 48.00 OK
r-patched-linux-x86_64 0.6.1 1.81 20.04 21.85 NOTE
r-release-linux-x86_64 0.6.1 1.76 20.11 21.87 NOTE
r-release-macos-arm64 0.6.1 17.00 NOTE
r-release-macos-x86_64 0.6.1 24.00 NOTE
r-release-windows-x86_64 0.6.1 3.00 44.00 47.00 NOTE
r-oldrel-macos-arm64 0.6.1 17.00 NOTE
r-oldrel-macos-x86_64 0.6.1 22.00 NOTE
r-oldrel-windows-x86_64 0.6.1 4.00 46.00 50.00 NOTE

Check Details

Version: 0.6.1
Check: LazyData
Result: NOTE 'LazyData' is specified without a 'data' directory Flavors: r-patched-linux-x86_64, r-release-linux-x86_64, r-release-macos-arm64, r-release-macos-x86_64, r-release-windows-x86_64, r-oldrel-macos-arm64, r-oldrel-macos-x86_64, r-oldrel-windows-x86_64