Last updated on 2025-01-19 05:49:03 CET.
Flavor | Version | Tinstall | Tcheck | Ttotal | Status | Flags |
---|---|---|---|---|---|---|
r-devel-linux-x86_64-debian-clang | 1.1.0 | 9.24 | 73.85 | 83.09 | OK | |
r-devel-linux-x86_64-debian-gcc | 1.2.0 | 6.68 | 53.27 | 59.95 | OK | |
r-devel-linux-x86_64-fedora-clang | 1.2.0 | 81.64 | NOTE | |||
r-devel-linux-x86_64-fedora-gcc | 1.2.0 | 83.99 | NOTE | |||
r-devel-windows-x86_64 | 1.2.0 | 12.00 | 92.00 | 104.00 | OK | |
r-patched-linux-x86_64 | 1.2.0 | 8.96 | 68.49 | 77.45 | OK | |
r-release-linux-x86_64 | 1.1.0 | 9.15 | 68.69 | 77.84 | NOTE | |
r-release-macos-arm64 | 1.2.0 | 55.00 | OK | |||
r-release-macos-x86_64 | 1.2.0 | 95.00 | OK | |||
r-release-windows-x86_64 | 1.1.0 | 15.00 | 89.00 | 104.00 | NOTE | |
r-oldrel-macos-arm64 | 1.2.0 | 51.00 | OK | |||
r-oldrel-macos-x86_64 | 1.2.0 | 113.00 | OK | |||
r-oldrel-windows-x86_64 | 1.2.0 | 12.00 | 152.00 | 164.00 | OK |
Version: 1.2.0
Check: dependencies in R code
Result: NOTE
Namespace in Imports field not imported from: ‘cli’
All declared Imports should be used.
Flavors: r-devel-linux-x86_64-fedora-clang, r-devel-linux-x86_64-fedora-gcc
Version: 1.1.0
Check: DESCRIPTION meta-information
Result: NOTE
Packages listed in more than one of Depends, Imports, Suggests, Enhances:
‘lintr’ ‘pharmaversesdtm’ ‘pkgdown’ ‘testthat’
A package should be listed in only one of these fields.
Flavors: r-release-linux-x86_64, r-release-windows-x86_64