Last updated on 2025-01-19 05:49:03 CET.
Flavor | Version | Tinstall | Tcheck | Ttotal | Status | Flags |
---|---|---|---|---|---|---|
r-devel-linux-x86_64-debian-clang | 1.1.2 | 23.07 | 130.63 | 153.70 | OK | |
r-devel-linux-x86_64-debian-gcc | 1.1.2 | 18.31 | 95.71 | 114.02 | OK | |
r-devel-linux-x86_64-fedora-clang | 1.1.2 | 247.63 | OK | |||
r-devel-linux-x86_64-fedora-gcc | 1.1.2 | 259.32 | OK | |||
r-devel-windows-x86_64 | 1.1.2 | 17.00 | 124.00 | 141.00 | OK | |
r-patched-linux-x86_64 | 1.1.2 | 24.01 | 127.84 | 151.85 | NOTE | |
r-release-linux-x86_64 | 1.1.2 | 21.04 | 126.59 | 147.63 | NOTE | |
r-release-macos-arm64 | 1.1.2 | 61.00 | NOTE | |||
r-release-macos-x86_64 | 1.1.2 | 87.00 | NOTE | |||
r-release-windows-x86_64 | 1.1.2 | 16.00 | 124.00 | 140.00 | NOTE | |
r-oldrel-macos-arm64 | 1.1.2 | 54.00 | NOTE | |||
r-oldrel-macos-x86_64 | 1.1.2 | 84.00 | NOTE | |||
r-oldrel-windows-x86_64 | 1.1.2 | 20.00 | 149.00 | 169.00 | NOTE |
Version: 1.1.2
Check: LazyData
Result: NOTE
'LazyData' is specified without a 'data' directory
Flavors: r-patched-linux-x86_64, r-release-linux-x86_64, r-release-macos-arm64, r-release-macos-x86_64, r-release-windows-x86_64, r-oldrel-macos-arm64, r-oldrel-macos-x86_64, r-oldrel-windows-x86_64