CRAN Package Check Results for Package afdx

Last updated on 2025-01-19 05:49:03 CET.

Flavor Version Tinstall Tcheck Ttotal Status Flags
r-devel-linux-x86_64-debian-clang 1.1.1 4.60 64.85 69.45 NOTE
r-devel-linux-x86_64-debian-gcc 1.1.1 3.68 46.62 50.30 NOTE
r-devel-linux-x86_64-fedora-clang 1.1.1 114.84 NOTE
r-devel-linux-x86_64-fedora-gcc 1.1.1 124.75 NOTE
r-devel-windows-x86_64 1.1.1 8.00 84.00 92.00 NOTE
r-patched-linux-x86_64 1.1.1 4.74 60.16 64.90 NOTE
r-release-linux-x86_64 1.1.1 4.23 60.33 64.56 NOTE
r-release-macos-arm64 1.1.1 40.00 NOTE
r-release-macos-x86_64 1.1.1 60.00 NOTE
r-release-windows-x86_64 1.1.1 6.00 82.00 88.00 NOTE
r-oldrel-macos-arm64 1.1.1 41.00 NOTE
r-oldrel-macos-x86_64 1.1.1 63.00 NOTE
r-oldrel-windows-x86_64 1.1.1 8.00 88.00 96.00 NOTE

Check Details

Version: 1.1.1
Check: package subdirectories
Result: NOTE Problems with news in ‘NEWS.md’: No news entries found. Flavors: r-devel-linux-x86_64-debian-clang, r-devel-linux-x86_64-debian-gcc, r-devel-linux-x86_64-fedora-clang, r-devel-linux-x86_64-fedora-gcc, r-devel-windows-x86_64, r-patched-linux-x86_64, r-release-linux-x86_64, r-release-macos-arm64, r-release-macos-x86_64, r-release-windows-x86_64, r-oldrel-macos-arm64, r-oldrel-macos-x86_64, r-oldrel-windows-x86_64