Last updated on 2025-01-19 05:49:03 CET.
Flavor | Version | Tinstall | Tcheck | Ttotal | Status | Flags |
---|---|---|---|---|---|---|
r-devel-linux-x86_64-debian-clang | 0.0.1 | 7.33 | 58.70 | 66.03 | OK | |
r-devel-linux-x86_64-debian-gcc | 0.0.1 | 4.69 | 42.38 | 47.07 | OK | |
r-devel-linux-x86_64-fedora-clang | 0.0.1 | 102.89 | NOTE | |||
r-devel-linux-x86_64-fedora-gcc | 0.0.1 | 100.08 | NOTE | |||
r-devel-windows-x86_64 | 0.0.1 | 8.00 | 77.00 | 85.00 | OK | |
r-patched-linux-x86_64 | 0.0.1 | 6.50 | 53.39 | 59.89 | OK | |
r-release-linux-x86_64 | 0.0.1 | 5.73 | 53.51 | 59.24 | OK | |
r-release-macos-arm64 | 0.0.1 | 36.00 | OK | |||
r-release-macos-x86_64 | 0.0.1 | 48.00 | OK | |||
r-release-windows-x86_64 | 0.0.1 | 11.00 | 79.00 | 90.00 | OK | |
r-oldrel-macos-arm64 | 0.0.1 | 35.00 | OK | |||
r-oldrel-macos-x86_64 | 0.0.1 | 50.00 | OK | |||
r-oldrel-windows-x86_64 | 0.0.1 | 8.00 | 89.00 | 97.00 | OK |
Version: 0.0.1
Check: dependencies in R code
Result: NOTE
Namespaces in Imports field not imported from:
‘DBI’ ‘assertthat’ ‘tibble’
All declared Imports should be used.
Flavors: r-devel-linux-x86_64-fedora-clang, r-devel-linux-x86_64-fedora-gcc