CRAN Package Check Results for Package aftgee

Last updated on 2025-01-19 05:49:03 CET.

Flavor Version Tinstall Tcheck Ttotal Status Flags
r-devel-linux-x86_64-debian-clang 1.2.1 75.30 88.97 164.27 OK
r-devel-linux-x86_64-debian-gcc 1.2.1 54.55 62.82 117.37 OK
r-devel-linux-x86_64-fedora-clang 1.2.1 292.64 OK
r-devel-linux-x86_64-fedora-gcc 1.2.1 300.59 OK
r-devel-windows-x86_64 1.2.1 74.00 109.00 183.00 OK
r-patched-linux-x86_64 1.2.1 71.95 82.03 153.98 OK
r-release-linux-x86_64 1.2.1 71.12 83.11 154.23 OK
r-release-macos-arm64 1.2.1 62.00 NOTE
r-release-macos-x86_64 1.2.1 101.00 NOTE
r-release-windows-x86_64 1.2.1 73.00 111.00 184.00 OK
r-oldrel-macos-arm64 1.2.1 66.00 NOTE
r-oldrel-macos-x86_64 1.2.1 109.00 NOTE
r-oldrel-windows-x86_64 1.2.1 89.00 138.00 227.00 OK

Check Details

Version: 1.2.1
Check: installed package size
Result: NOTE installed size is 5.8Mb sub-directories of 1Mb or more: libs 5.3Mb Flavors: r-release-macos-arm64, r-release-macos-x86_64, r-oldrel-macos-arm64, r-oldrel-macos-x86_64