CRAN Package Check Results for Package agRee

Last updated on 2025-01-19 05:49:03 CET.

Flavor Version Tinstall Tcheck Ttotal Status Flags
r-devel-linux-x86_64-debian-clang 0.5-3 11.11 80.47 91.58 OK
r-devel-linux-x86_64-debian-gcc 0.5-3 7.72 58.44 66.16 OK
r-devel-linux-x86_64-fedora-clang 0.5-3 147.49 OK
r-devel-linux-x86_64-fedora-gcc 0.5-3 149.82 OK
r-devel-windows-x86_64 0.5-3 12.00 88.00 100.00 OK
r-patched-linux-x86_64 0.5-3 9.62 76.18 85.80 OK
r-release-linux-x86_64 0.5-3 8.24 75.40 83.64 OK
r-release-macos-arm64 0.5-3 39.00 OK
r-release-macos-x86_64 0.5-3 76.00 OK
r-release-windows-x86_64 0.5-3 11.00 86.00 97.00 OK
r-oldrel-macos-arm64 0.5-3 45.00 OK
r-oldrel-macos-x86_64 0.5-3 75.00 NOTE
r-oldrel-windows-x86_64 0.5-3 16.00 107.00 123.00 OK

Check Details

Version: 0.5-3
Check: Rd cross-references
Result: NOTE Package unavailable to check Rd xrefs: ‘epiR’ Flavor: r-oldrel-macos-x86_64