Last updated on 2024-05-01 16:52:47 CEST.
Flavor | Version | Tinstall | Tcheck | Ttotal | Status | Flags |
---|---|---|---|---|---|---|
r-devel-linux-x86_64-debian-clang | 0.4.0 | 10.87 | 153.57 | 164.44 | OK | |
r-devel-linux-x86_64-debian-gcc | 0.4.0 | 7.48 | 112.87 | 120.35 | OK | |
r-devel-linux-x86_64-fedora-clang | 0.4.0 | 205.65 | NOTE | |||
r-devel-linux-x86_64-fedora-gcc | 0.4.0 | 211.20 | NOTE | |||
r-devel-windows-x86_64 | 0.4.0 | 8.00 | 128.00 | 136.00 | OK | |
r-patched-linux-x86_64 | 0.4.0 | 12.35 | 150.45 | 162.80 | OK | |
r-release-linux-x86_64 | 0.4.0 | 7.48 | 149.60 | 157.08 | OK | |
r-release-macos-arm64 | 0.4.0 | 65.00 | OK | |||
r-release-windows-x86_64 | 0.4.0 | 9.00 | 133.00 | 142.00 | OK | |
r-oldrel-macos-arm64 | 0.4.0 | 72.00 | OK | |||
r-oldrel-macos-x86_64 | 0.4.0 | 124.00 | OK | |||
r-oldrel-windows-x86_64 | 0.4.0 | 11.00 | 153.00 | 164.00 | OK |
Version: 0.4.0
Check: dependencies in R code
Result: NOTE
Namespace in Imports field not imported from: ‘mathjaxr’
All declared Imports should be used.
Flavors: r-devel-linux-x86_64-fedora-clang, r-devel-linux-x86_64-fedora-gcc