Last updated on 2024-05-01 16:52:47 CEST.
Flavor | Version | Tinstall | Tcheck | Ttotal | Status | Flags |
---|---|---|---|---|---|---|
r-devel-linux-x86_64-debian-clang | 0.1.3 | 20.96 | 191.61 | 212.57 | NOTE | |
r-devel-linux-x86_64-debian-gcc | 0.1.3 | 16.04 | 137.27 | 153.31 | NOTE | |
r-devel-linux-x86_64-fedora-clang | 0.1.3 | 262.35 | NOTE | |||
r-devel-linux-x86_64-fedora-gcc | 0.1.3 | 285.55 | NOTE | |||
r-devel-windows-x86_64 | 0.1.3 | 17.00 | 149.00 | 166.00 | NOTE | |
r-patched-linux-x86_64 | 0.1.3 | 11.87 | 181.40 | 193.27 | NOTE | |
r-release-linux-x86_64 | 0.1.3 | 16.33 | 182.34 | 198.67 | NOTE | |
r-release-macos-arm64 | 0.1.3 | 76.00 | NOTE | |||
r-release-windows-x86_64 | 0.1.3 | 16.00 | 68433.00 | 68449.00 | NOTE | |
r-oldrel-macos-arm64 | 0.1.3 | 83.00 | OK | |||
r-oldrel-macos-x86_64 | 0.1.3 | 176.00 | OK | |||
r-oldrel-windows-x86_64 | 0.1.3 | 23.00 | 192.00 | 215.00 | OK |
Version: 0.1.3
Check: Rd files
Result: NOTE
checkRd: (-1) h2o_train.Rd:108: Lost braces
108 | \item{mtries}{Number of variables randomly sampled as candidates at each split. If set to -1, defaults to sqrt{p} for
| ^
Flavors: r-devel-linux-x86_64-debian-clang, r-devel-linux-x86_64-debian-gcc, r-devel-linux-x86_64-fedora-clang, r-devel-linux-x86_64-fedora-gcc, r-devel-windows-x86_64, r-patched-linux-x86_64, r-release-linux-x86_64, r-release-macos-arm64, r-release-windows-x86_64