CRAN Package Check Results for Package ahnr

Last updated on 2025-01-19 05:49:03 CET.

Flavor Version Tinstall Tcheck Ttotal Status Flags
r-devel-linux-x86_64-debian-clang 0.3.1 4.96 110.03 114.99 OK
r-devel-linux-x86_64-debian-gcc 0.3.1 3.61 77.81 81.42 OK
r-devel-linux-x86_64-fedora-clang 0.3.1 195.14 OK
r-devel-linux-x86_64-fedora-gcc 0.3.1 209.87 OK
r-devel-windows-x86_64 0.3.1 6.00 114.00 120.00 OK
r-patched-linux-x86_64 0.3.1 4.74 101.69 106.43 NOTE
r-release-linux-x86_64 0.3.1 4.74 103.02 107.76 NOTE
r-release-macos-arm64 0.3.1 53.00 NOTE
r-release-macos-x86_64 0.3.1 83.00 NOTE
r-release-windows-x86_64 0.3.1 7.00 116.00 123.00 NOTE
r-oldrel-macos-arm64 0.3.1 55.00 NOTE
r-oldrel-macos-x86_64 0.3.1 98.00 NOTE
r-oldrel-windows-x86_64 0.3.1 7.00 137.00 144.00 NOTE

Check Details

Version: 0.3.1
Check: LazyData
Result: NOTE 'LazyData' is specified without a 'data' directory Flavors: r-patched-linux-x86_64, r-release-linux-x86_64, r-release-macos-arm64, r-release-macos-x86_64, r-release-windows-x86_64, r-oldrel-macos-arm64, r-oldrel-macos-x86_64, r-oldrel-windows-x86_64