CRAN Package Check Results for Package ahptopsis2n

Last updated on 2025-01-19 05:49:03 CET.

Flavor Version Tinstall Tcheck Ttotal Status Flags
r-devel-linux-x86_64-debian-clang 0.2.0 1.67 19.73 21.40 OK
r-devel-linux-x86_64-debian-gcc 0.2.0 1.26 16.23 17.49 OK
r-devel-linux-x86_64-fedora-clang 0.2.0 35.92 OK
r-devel-linux-x86_64-fedora-gcc 0.2.0 50.58 OK
r-devel-windows-x86_64 0.2.0 4.00 42.00 46.00 OK
r-patched-linux-x86_64 0.2.0 1.58 18.83 20.41 NOTE
r-release-linux-x86_64 0.2.0 1.39 18.96 20.35 NOTE
r-release-macos-arm64 0.2.0 21.00 NOTE
r-release-macos-x86_64 0.2.0 34.00 NOTE
r-release-windows-x86_64 0.2.0 3.00 44.00 47.00 NOTE
r-oldrel-macos-arm64 0.2.0 20.00 NOTE
r-oldrel-macos-x86_64 0.2.0 30.00 NOTE
r-oldrel-windows-x86_64 0.2.0 4.00 42.00 46.00 NOTE

Check Details

Version: 0.2.0
Check: LazyData
Result: NOTE 'LazyData' is specified without a 'data' directory Flavors: r-patched-linux-x86_64, r-release-linux-x86_64, r-release-macos-arm64, r-release-macos-x86_64, r-release-windows-x86_64, r-oldrel-macos-arm64, r-oldrel-macos-x86_64, r-oldrel-windows-x86_64