Last updated on 2025-01-19 05:49:03 CET.
Flavor | Version | Tinstall | Tcheck | Ttotal | Status | Flags |
---|---|---|---|---|---|---|
r-devel-linux-x86_64-debian-clang | 1.0.0 | 65.69 | 335.16 | 400.85 | OK | |
r-devel-linux-x86_64-debian-gcc | 1.0.0 | 43.22 | 223.25 | 266.47 | OK | |
r-devel-linux-x86_64-fedora-clang | 1.0.0 | 709.87 | OK | |||
r-devel-linux-x86_64-fedora-gcc | 1.0.0 | 700.65 | OK | |||
r-devel-windows-x86_64 | 1.0.0 | 67.00 | 306.00 | 373.00 | OK | |
r-patched-linux-x86_64 | 1.0.0 | 61.13 | 311.40 | 372.53 | OK | |
r-release-linux-x86_64 | 1.0.0 | 59.87 | 311.08 | 370.95 | OK | |
r-release-macos-arm64 | 1.0.0 | 181.00 | NOTE | |||
r-release-macos-x86_64 | 1.0.0 | 277.00 | NOTE | |||
r-release-windows-x86_64 | 1.0.0 | 69.00 | 312.00 | 381.00 | OK | |
r-oldrel-macos-arm64 | 1.0.0 | 190.00 | NOTE | |||
r-oldrel-macos-x86_64 | 1.0.0 | 352.00 | NOTE | |||
r-oldrel-windows-x86_64 | 1.0.0 | 71.00 | 417.00 | 488.00 | OK |
Version: 1.0.0
Check: installed package size
Result: NOTE
installed size is 6.6Mb
sub-directories of 1Mb or more:
doc 1.6Mb
libs 4.3Mb
Flavors: r-release-macos-arm64, r-release-macos-x86_64, r-oldrel-macos-arm64, r-oldrel-macos-x86_64