Last updated on 2024-05-01 16:52:47 CEST.
Flavor | Version | Tinstall | Tcheck | Ttotal | Status | Flags |
---|---|---|---|---|---|---|
r-devel-linux-x86_64-debian-clang | 0.1.3 | 2.67 | 142.81 | 145.48 | NOTE | |
r-devel-linux-x86_64-debian-gcc | 0.1.3 | 2.44 | 105.38 | 107.82 | NOTE | |
r-devel-linux-x86_64-fedora-clang | 0.1.3 | 172.04 | NOTE | |||
r-devel-linux-x86_64-fedora-gcc | 0.1.3 | 191.12 | NOTE | |||
r-devel-windows-x86_64 | 0.1.3 | 4.00 | 121.00 | 125.00 | NOTE | |
r-patched-linux-x86_64 | 0.1.3 | 5.03 | 134.25 | 139.28 | NOTE | |
r-release-linux-x86_64 | 0.1.3 | 3.30 | 135.78 | 139.08 | NOTE | |
r-release-macos-arm64 | 0.1.3 | 58.00 | NOTE | |||
r-release-windows-x86_64 | 0.1.3 | 3.00 | 121.00 | 124.00 | NOTE | |
r-oldrel-macos-arm64 | 0.1.3 | 62.00 | OK | |||
r-oldrel-macos-x86_64 | 0.1.3 | 104.00 | OK | |||
r-oldrel-windows-x86_64 | 0.1.3 | 4.00 | 154.00 | 158.00 | OK |
Version: 0.1.3
Check: Rd files
Result: NOTE
checkRd: (-1) CreateInputsPert.Rd:65: Lost braces
65 | \emph{InputsPert}{[list] object of class \emph{InputsModel} containing the ensembles of perturbed model inputs required to perform data assimilation:}
| ^
Flavors: r-devel-linux-x86_64-debian-clang, r-devel-linux-x86_64-debian-gcc, r-devel-linux-x86_64-fedora-clang, r-devel-linux-x86_64-fedora-gcc, r-devel-windows-x86_64, r-patched-linux-x86_64, r-release-linux-x86_64, r-release-macos-arm64, r-release-windows-x86_64