CRAN Package Check Results for Package airnow

Last updated on 2025-01-19 05:49:03 CET.

Flavor Version Tinstall Tcheck Ttotal Status Flags
r-devel-linux-x86_64-debian-clang 0.1.0 2.61 32.51 35.12 NOTE
r-devel-linux-x86_64-debian-gcc 0.1.0 2.36 24.42 26.78 NOTE
r-devel-linux-x86_64-fedora-clang 0.1.0 60.61 NOTE
r-devel-linux-x86_64-fedora-gcc 0.1.0 57.62 NOTE
r-devel-windows-x86_64 0.1.0 4.00 50.00 54.00 NOTE
r-patched-linux-x86_64 0.1.0 2.57 30.80 33.37 NOTE
r-release-linux-x86_64 0.1.0 2.98 31.18 34.16 NOTE
r-release-macos-arm64 0.1.0 22.00 NOTE
r-release-macos-x86_64 0.1.0 30.00 NOTE
r-release-windows-x86_64 0.1.0 4.00 51.00 55.00 NOTE
r-oldrel-macos-arm64 0.1.0 22.00 OK
r-oldrel-macos-x86_64 0.1.0 31.00 OK
r-oldrel-windows-x86_64 0.1.0 5.00 57.00 62.00 OK

Check Details

Version: 0.1.0
Check: Rd files
Result: NOTE checkRd: (-1) get_airnow_area.Rd:25: Lost braces; missing escapes or markup? 25 | \item{parameters}{Parameter(s) to return data for. Choices are PM_{2.5} | ^ Flavors: r-devel-linux-x86_64-debian-clang, r-devel-linux-x86_64-debian-gcc, r-devel-linux-x86_64-fedora-clang, r-devel-linux-x86_64-fedora-gcc, r-devel-windows-x86_64, r-patched-linux-x86_64, r-release-linux-x86_64, r-release-macos-arm64, r-release-macos-x86_64, r-release-windows-x86_64