CRAN Package Check Results for Package akc

Last updated on 2025-01-19 05:49:03 CET.

Flavor Version Tinstall Tcheck Ttotal Status Flags
r-devel-linux-x86_64-debian-clang 0.9.9 14.34 175.26 189.60 NOTE
r-devel-linux-x86_64-debian-gcc 0.9.9 9.67 124.24 133.91 NOTE
r-devel-linux-x86_64-fedora-clang 0.9.9 297.08 OK
r-devel-linux-x86_64-fedora-gcc 0.9.9 284.75 OK
r-devel-windows-x86_64 0.9.9 14.00 158.00 172.00 NOTE
r-patched-linux-x86_64 0.9.9 17.45 154.38 171.83 OK
r-release-linux-x86_64 0.9.9 13.26 154.88 168.14 OK
r-release-macos-arm64 0.9.9 81.00 OK
r-release-macos-x86_64 0.9.9 116.00 OK
r-release-windows-x86_64 0.9.9 14.00 158.00 172.00 OK
r-oldrel-macos-arm64 0.9.9 89.00 OK
r-oldrel-macos-x86_64 0.9.9 141.00 OK
r-oldrel-windows-x86_64 0.9.9 19.00 200.00 219.00 OK

Check Details

Version: 0.9.9
Check: Rd cross-references
Result: NOTE Found the following Rd file(s) with Rd \link{} targets missing package anchors: keyword_merge.Rd: stem_strings, lemmatize_strings Please provide package anchors for all Rd \link{} targets not in the package itself and the base packages. Flavors: r-devel-linux-x86_64-debian-clang, r-devel-linux-x86_64-debian-gcc, r-devel-windows-x86_64