Last updated on 2025-01-19 05:49:03 CET.
Flavor | Version | Tinstall | Tcheck | Ttotal | Status | Flags |
---|---|---|---|---|---|---|
r-devel-linux-x86_64-debian-clang | 0.6.0 | 653.93 | 110.62 | 764.55 | OK | |
r-devel-linux-x86_64-debian-gcc | 0.6.0 | 628.35 | 86.10 | 714.45 | OK | |
r-devel-linux-x86_64-fedora-clang | 0.6.0 | 1799.94 | OK | |||
r-devel-linux-x86_64-fedora-gcc | 0.6.0 | 2096.56 | OK | |||
r-devel-windows-x86_64 | 0.6.0 | 837.00 | 168.00 | 1005.00 | OK | |
r-patched-linux-x86_64 | 0.6.0 | 869.76 | 106.35 | 976.11 | OK | |
r-release-linux-x86_64 | 0.6.0 | 883.33 | 105.89 | 989.22 | OK | |
r-release-macos-arm64 | 0.6.0 | 342.00 | NOTE | |||
r-release-macos-x86_64 | 0.6.0 | 556.00 | NOTE | |||
r-release-windows-x86_64 | 0.6.0 | 835.00 | 171.00 | 1006.00 | OK | |
r-oldrel-macos-arm64 | 0.6.0 | 330.00 | NOTE | |||
r-oldrel-macos-x86_64 | 0.6.0 | 673.00 | NOTE | |||
r-oldrel-windows-x86_64 | 0.6.0 | 943.00 | 202.00 | 1145.00 | OK |
Version: 0.6.0
Check: installed package size
Result: NOTE
installed size is 38.3Mb
sub-directories of 1Mb or more:
libs 37.1Mb
Flavors: r-release-macos-arm64, r-release-macos-x86_64, r-oldrel-macos-arm64, r-oldrel-macos-x86_64