CRAN Package Check Results for Package algorithmia

Last updated on 2025-01-19 05:49:03 CET.

Flavor Version Tinstall Tcheck Ttotal Status Flags
r-devel-linux-x86_64-debian-clang 0.3.0 3.02 24.26 27.28 OK
r-devel-linux-x86_64-debian-gcc 0.3.0 2.54 19.66 22.20 OK
r-devel-linux-x86_64-fedora-clang 0.3.0 48.16 OK
r-devel-linux-x86_64-fedora-gcc 0.3.0 61.24 OK
r-devel-windows-x86_64 0.3.0 6.00 48.00 54.00 OK
r-patched-linux-x86_64 0.3.0 3.72 23.03 26.75 NOTE
r-release-linux-x86_64 0.3.0 3.12 23.39 26.51 NOTE
r-release-macos-arm64 0.3.0 21.00 NOTE
r-release-macos-x86_64 0.3.0 32.00 NOTE
r-release-windows-x86_64 0.3.0 6.00 49.00 55.00 NOTE
r-oldrel-macos-arm64 0.3.0 25.00 NOTE
r-oldrel-macos-x86_64 0.3.0 41.00 NOTE
r-oldrel-windows-x86_64 0.3.0 6.00 48.00 54.00 NOTE

Check Details

Version: 0.3.0
Check: LazyData
Result: NOTE 'LazyData' is specified without a 'data' directory Flavors: r-patched-linux-x86_64, r-release-linux-x86_64, r-release-macos-arm64, r-release-macos-x86_64, r-release-windows-x86_64, r-oldrel-macos-arm64, r-oldrel-macos-x86_64, r-oldrel-windows-x86_64