CRAN Package Check Results for Package aliases2entrez

Last updated on 2025-01-19 05:49:03 CET.

Flavor Version Tinstall Tcheck Ttotal Status Flags
r-devel-linux-x86_64-debian-clang 0.1.2 22.69 166.98 189.67 OK
r-devel-linux-x86_64-debian-gcc 0.1.2 14.88 115.34 130.22 OK
r-devel-linux-x86_64-fedora-clang 0.1.2 308.56 OK
r-devel-linux-x86_64-fedora-gcc 0.1.2 289.50 OK
r-devel-windows-x86_64 0.1.2 18.00 141.00 159.00 OK
r-patched-linux-x86_64 0.1.2 17.30 152.91 170.21 NOTE
r-release-linux-x86_64 0.1.2 16.12 152.34 168.46 NOTE
r-release-macos-arm64 0.1.2 74.00 NOTE
r-release-macos-x86_64 0.1.2 118.00 NOTE
r-release-windows-x86_64 0.1.2 22.00 145.00 167.00 NOTE
r-oldrel-macos-arm64 0.1.2 78.00 NOTE
r-oldrel-macos-x86_64 0.1.2 129.00 NOTE
r-oldrel-windows-x86_64 0.1.2 24.00 179.00 203.00 NOTE

Check Details

Version: 0.1.2
Check: LazyData
Result: NOTE 'LazyData' is specified without a 'data' directory Flavors: r-patched-linux-x86_64, r-release-linux-x86_64, r-release-macos-arm64, r-release-macos-x86_64, r-release-windows-x86_64, r-oldrel-macos-arm64, r-oldrel-macos-x86_64, r-oldrel-windows-x86_64