CRAN Package Check Results for Package allMT

Last updated on 2025-01-19 05:49:03 CET.

Flavor Version Tinstall Tcheck Ttotal Status Flags
r-devel-linux-x86_64-debian-clang 0.1.0 13.42 99.13 112.55 NOTE
r-devel-linux-x86_64-debian-gcc 0.1.0 8.24 69.27 77.51 NOTE
r-devel-linux-x86_64-fedora-clang 0.1.0 183.22 NOTE
r-devel-linux-x86_64-fedora-gcc 0.1.0 182.34 NOTE
r-devel-windows-x86_64 0.1.0 16.00 104.00 120.00 NOTE
r-patched-linux-x86_64 0.1.0 11.45 89.96 101.41 NOTE
r-release-linux-x86_64 0.1.0 13.06 90.70 103.76 NOTE
r-release-macos-arm64 0.1.0 53.00 NOTE
r-release-macos-x86_64 0.1.0 77.00 NOTE
r-release-windows-x86_64 0.1.0 15.00 106.00 121.00 NOTE
r-oldrel-macos-arm64 0.1.0 35.00 OK
r-oldrel-macos-x86_64 0.1.0 86.00 OK
r-oldrel-windows-x86_64 0.1.0 19.00 126.00 145.00 OK

Check Details

Version: 0.1.0
Check: Rd files
Result: NOTE checkRd: (-1) compare_cohorts.Rd:35: Lost braces in \itemize; meant \describe ? checkRd: (-1) compare_cohorts.Rd:36: Lost braces in \itemize; meant \describe ? Flavors: r-devel-linux-x86_64-debian-clang, r-devel-linux-x86_64-debian-gcc, r-devel-linux-x86_64-fedora-clang, r-devel-linux-x86_64-fedora-gcc, r-devel-windows-x86_64, r-patched-linux-x86_64, r-release-linux-x86_64, r-release-macos-arm64, r-release-macos-x86_64, r-release-windows-x86_64