Last updated on 2025-01-19 05:49:03 CET.
Flavor | Version | Tinstall | Tcheck | Ttotal | Status | Flags |
---|---|---|---|---|---|---|
r-devel-linux-x86_64-debian-clang | 0.2.3 | 9.83 | 142.14 | 151.97 | NOTE | |
r-devel-linux-x86_64-debian-gcc | 0.2.3 | 6.75 | 102.90 | 109.65 | NOTE | |
r-devel-linux-x86_64-fedora-clang | 0.2.3 | 253.94 | NOTE | |||
r-devel-linux-x86_64-fedora-gcc | 0.2.3 | 244.91 | NOTE | |||
r-devel-windows-x86_64 | 0.2.3 | 9.00 | 150.00 | 159.00 | NOTE | |
r-patched-linux-x86_64 | 0.2.3 | 8.64 | 133.77 | 142.41 | NOTE | |
r-release-linux-x86_64 | 0.2.3 | 8.80 | 131.84 | 140.64 | NOTE | |
r-release-macos-arm64 | 0.2.3 | 71.00 | NOTE | |||
r-release-macos-x86_64 | 0.2.3 | 112.00 | NOTE | |||
r-release-windows-x86_64 | 0.2.3 | 11.00 | 154.00 | 165.00 | NOTE | |
r-oldrel-macos-arm64 | 0.2.3 | 81.00 | OK | |||
r-oldrel-macos-x86_64 | 0.2.3 | 148.00 | OK | |||
r-oldrel-windows-x86_64 | 0.2.3 | 14.00 | 185.00 | 199.00 | OK |
Version: 0.2.3
Check: Rd files
Result: NOTE
checkRd: (-1) allestimates.Rd:25: Lost braces in \itemize; meant \describe ?
checkRd: (-1) allestimates.Rd:26: Lost braces in \itemize; meant \describe ?
checkRd: (-1) allestimates.Rd:27: Lost braces in \itemize; meant \describe ?
checkRd: (-1) allestimates.Rd:28: Lost braces in \itemize; meant \describe ?
Flavors: r-devel-linux-x86_64-debian-clang, r-devel-linux-x86_64-debian-gcc, r-devel-linux-x86_64-fedora-clang, r-devel-linux-x86_64-fedora-gcc, r-devel-windows-x86_64, r-patched-linux-x86_64, r-release-linux-x86_64, r-release-macos-arm64, r-release-macos-x86_64, r-release-windows-x86_64