CRAN Package Check Results for Package alookr

Last updated on 2025-01-19 05:49:03 CET.

Flavor Version Tinstall Tcheck Ttotal Status Flags
r-devel-linux-x86_64-debian-clang 0.3.9 15.07 126.63 141.70 NOTE
r-devel-linux-x86_64-debian-gcc 0.3.9 9.44 92.71 102.15 NOTE
r-devel-linux-x86_64-fedora-clang 0.3.9 234.24 OK
r-devel-linux-x86_64-fedora-gcc 0.3.9 224.67 OK
r-devel-windows-x86_64 0.3.9 18.00 132.00 150.00 NOTE
r-patched-linux-x86_64 0.3.9 18.52 115.47 133.99 OK
r-release-linux-x86_64 0.3.9 13.36 115.29 128.65 OK
r-release-macos-arm64 0.3.9 73.00 OK
r-release-macos-x86_64 0.3.9 98.00 OK
r-release-windows-x86_64 0.3.9 16.00 136.00 152.00 OK
r-oldrel-macos-arm64 0.3.9 57.00 OK
r-oldrel-macos-x86_64 0.3.9 77.00 OK
r-oldrel-windows-x86_64 0.3.9 21.00 157.00 178.00 OK

Check Details

Version: 0.3.9
Check: Rd cross-references
Result: NOTE Found the following Rd file(s) with Rd \link{} targets missing package anchors: cleanse.data.frame.Rd: tbl_df split_by.data.frame.Rd: tbl_df treatment_corr.Rd: tbl_df Please provide package anchors for all Rd \link{} targets not in the package itself and the base packages. Flavors: r-devel-linux-x86_64-debian-clang, r-devel-linux-x86_64-debian-gcc, r-devel-windows-x86_64