Last updated on 2025-01-19 05:49:03 CET.
Flavor | Version | Tinstall | Tcheck | Ttotal | Status | Flags |
---|---|---|---|---|---|---|
r-devel-linux-x86_64-debian-clang | 0.3.4 | 39.45 | 39.34 | 78.79 | NOTE | |
r-devel-linux-x86_64-debian-gcc | 0.3.4 | 25.06 | 28.90 | 53.96 | NOTE | |
r-devel-linux-x86_64-fedora-clang | 0.3.4 | 152.80 | NOTE | |||
r-devel-linux-x86_64-fedora-gcc | 0.3.4 | 150.87 | NOTE | |||
r-devel-windows-x86_64 | 0.3.4 | 40.00 | 77.00 | 117.00 | NOTE | |
r-patched-linux-x86_64 | 0.3.4 | 37.00 | 36.27 | 73.27 | NOTE | |
r-release-linux-x86_64 | 0.3.4 | 34.55 | 36.33 | 70.88 | NOTE | |
r-release-macos-arm64 | 0.3.4 | 42.00 | NOTE | |||
r-release-macos-x86_64 | 0.3.4 | 54.00 | NOTE | |||
r-release-windows-x86_64 | 0.3.4 | 39.00 | 77.00 | 116.00 | NOTE | |
r-oldrel-macos-arm64 | 0.3.4 | 49.00 | NOTE | |||
r-oldrel-macos-x86_64 | 0.3.4 | 76.00 | NOTE | |||
r-oldrel-windows-x86_64 | 0.3.4 | 42.00 | 91.00 | 133.00 | NOTE |
Version: 0.3.4
Check: C++ specification
Result: NOTE
Specified C++11: please drop specification unless essential
Flavors: r-devel-linux-x86_64-debian-clang, r-devel-linux-x86_64-debian-gcc, r-devel-linux-x86_64-fedora-clang, r-devel-linux-x86_64-fedora-gcc, r-devel-windows-x86_64, r-patched-linux-x86_64, r-release-linux-x86_64, r-release-macos-arm64, r-release-macos-x86_64, r-release-windows-x86_64, r-oldrel-macos-arm64, r-oldrel-macos-x86_64, r-oldrel-windows-x86_64