CRAN Package Check Results for Package alqrfe

Last updated on 2025-01-19 05:49:03 CET.

Flavor Version Tinstall Tcheck Ttotal Status Flags
r-devel-linux-x86_64-debian-clang 1.1 18.28 27.91 46.19 NOTE
r-devel-linux-x86_64-debian-gcc 1.1 13.28 21.32 34.60 NOTE
r-devel-linux-x86_64-fedora-clang 1.1 91.09 NOTE
r-devel-linux-x86_64-fedora-gcc 1.1 84.26 NOTE
r-devel-windows-x86_64 1.1 22.00 73.00 95.00 NOTE
r-patched-linux-x86_64 1.1 20.05 26.50 46.55 NOTE
r-release-linux-x86_64 1.1 18.01 26.69 44.70 NOTE
r-release-macos-arm64 1.1 25.00 NOTE
r-release-macos-x86_64 1.1 35.00 NOTE
r-release-windows-x86_64 1.1 22.00 68.00 90.00 NOTE
r-oldrel-macos-arm64 1.1 27.00 NOTE
r-oldrel-macos-x86_64 1.1 44.00 NOTE
r-oldrel-windows-x86_64 1.1 25.00 79.00 104.00 NOTE

Check Details

Version: 1.1
Check: C++ specification
Result: NOTE Specified C++11: please drop specification unless essential Flavors: r-devel-linux-x86_64-debian-clang, r-devel-linux-x86_64-debian-gcc, r-devel-linux-x86_64-fedora-clang, r-devel-linux-x86_64-fedora-gcc, r-devel-windows-x86_64, r-patched-linux-x86_64, r-release-linux-x86_64, r-release-macos-arm64, r-release-macos-x86_64, r-release-windows-x86_64, r-oldrel-macos-arm64, r-oldrel-macos-x86_64, r-oldrel-windows-x86_64