CRAN Package Check Results for Package alr4

Last updated on 2025-01-19 05:49:03 CET.

Flavor Version Tinstall Tcheck Ttotal Status Flags
r-devel-linux-x86_64-debian-clang 1.0.6 9.14 80.28 89.42 NOTE
r-devel-linux-x86_64-debian-gcc 1.0.6 6.86 58.21 65.07 NOTE
r-devel-linux-x86_64-fedora-clang 1.0.6 152.41 NOTE
r-devel-linux-x86_64-fedora-gcc 1.0.6 136.53 NOTE
r-devel-windows-x86_64 1.0.6 12.00 111.00 123.00 NOTE
r-patched-linux-x86_64 1.0.6 9.22 74.73 83.95 NOTE
r-release-linux-x86_64 1.0.6 9.61 74.76 84.37 NOTE
r-release-macos-arm64 1.0.6 40.00 NOTE
r-release-macos-x86_64 1.0.6 59.00 NOTE
r-release-windows-x86_64 1.0.6 13.00 119.00 132.00 NOTE
r-oldrel-macos-arm64 1.0.6 45.00 NOTE
r-oldrel-macos-x86_64 1.0.6 70.00 NOTE
r-oldrel-windows-x86_64 1.0.6 16.00 130.00 146.00 NOTE

Check Details

Version: 1.0.6
Check: Rd files
Result: NOTE checkRd: (-1) UN1.Rd:16: Escaped LaTeX specials: \$ checkRd: (-1) rateprof.Rd:64: Escaped LaTeX specials: \& Flavors: r-devel-linux-x86_64-debian-clang, r-devel-linux-x86_64-debian-gcc, r-devel-linux-x86_64-fedora-clang, r-devel-linux-x86_64-fedora-gcc, r-devel-windows-x86_64, r-patched-linux-x86_64, r-release-linux-x86_64, r-release-macos-arm64, r-release-macos-x86_64, r-release-windows-x86_64, r-oldrel-macos-arm64, r-oldrel-macos-x86_64, r-oldrel-windows-x86_64